. Calculate the greatest common divisor of p and 27.
9
Let o = 3 + -2. Suppose -2*m + 8 = r, 2*m - 3 = -3*r + o. Let q(i) = 5*i + 10. Let f be q(2). What is the greatest common factor of f and m?
5
Let z = -17 - -17. Suppose 8*p - 10*p + 48 = z. What is the greatest common factor of p and 72?
24
Suppose -f - 2*f = -6. Suppose -3*i + 20 = f*i. Suppose -i*c = -3*c - 88. What is the highest common divisor of c and 11?
11
Let l = -131 + 347. Calculate the highest common divisor of 27 and l.
27
Suppose 0*p - 3*p + 51 = 0. Suppose 4*q - 3 - p = 0. Suppose -5*y + 65 - 19 = 4*l, 3*l = q*y - 53. Calculate the highest common factor of y and 4.
2
Suppose -4*z - 1656 = -8*z. What is the greatest common divisor of 46 and z?
46
Let t be -3*-16*-6*12/(-32). What is the greatest common divisor of t and 72?
36
Suppose 5*f - f - 20 = 0. Suppose -f*x = -4*p - 42 - 7, 3*x + 4*p = 23. Suppose -k + x = -31. Calculate the highest common divisor of k and 10.
10
Let n be ((-12)/(-3))/((-4)/10). Let h = 23 + n. Let l = -9 + 126. What is the greatest common divisor of h and l?
13
Suppose -4*g + 11 + 17 = 4*v, -10 = -2*g. Suppose 2*f - 39 = i, 0*f = v*f - 3*i - 49. Calculate the greatest common factor of 68 and f.
17
Let d(v) = 2*v - 2. Let n be d(2). Suppose -4*z - 4*h + h = 29, 3*z - 5*h = 0. Let w = z + 13. Calculate the greatest common factor of w and n.
2
Let b = 19 - 29. Let v(i) = i**3 + 9*i**2 - 11*i + 6. Let u be v(b). What is the highest common divisor of 16 and u?
16
Suppose 8 + 3 = h. Suppose -h = -2*l + x + 7, -3*x - 24 = -3*l. Let u be (-5)/((-5)/2) - -88. Calculate the highest common divisor of u and l.
10
Let l(b) = b**2 - 2*b - 7. Let n be l(4). Let v be n/(2116/704 - 3). What is the highest common factor of 16 and v?
16
Let o(b) = b**3 - 8*b**2 + 6*b + 10. Let v be o(7). What is the greatest common factor of 27 and v?
3
Suppose -3*n = -8 - 4. What is the greatest common divisor of 1 and n?
1
Suppose d = -2*d + 6. Suppose -2*t - 8 = -0*g - 4*g, 3*g - 3 = 0. Let v be (-36)/(t/4*d). What is the greatest common divisor of 9 and v?
9
Suppose 26 - 23 = k. What is the highest common divisor of k and 39?
3
Let v(a) = 43*a**2 + a - 2. Let t be v(1). What is the greatest common factor of 231 and t?
21
Let h(m) be the first derivative of -5*m**2/2 + 2*m + 1. Let q be h(-4). Calculate the greatest common factor of q and 88.
22
Suppose 3*h + 5 = 59. What is the greatest common divisor of h and 36?
18
Let z = 21 + -29. Let j = z + 10. What is the highest common divisor of j and 5?
1
Suppose -46 = -5*b + 9. Calculate the highest common factor of 99 and b.
11
Let h be (-2)/4 + -2*218/(-8). Let a be 1/(21/18 + -1). What is the highest common divisor of a and h?
6
Let b(j) = j**2 + 9*j - 6. Let n be b(-10). Let y be 3*5*n/12. Suppose -y*v = -2*v - 15. What is the greatest common factor of 35 and v?
5
Suppose 4*a = -5*t + 175, 5*a + 2*t = 6*t + 229. What is the greatest common divisor of 9 and a?
9
Suppose -6*h + 5*k + 13 = -2*h, 3*h = 3*k + 12. What is the highest common factor of h and 7?
7
Let w = 0 - -6. Calculate the greatest common factor of 4 and w.
2
Let u = -7 + 19. Calculate the greatest common divisor of u and 48.
12
Let z(q) = 2*q - 2. Let r be z(3). Let d(n) = -4 - 2 + 6*n**2 - n + 4. Let c be d(2). What is the greatest common factor of c and r?
4
Let a be 2/(-7) - (-115)/35. Suppose -4*y - 5*p = -28 - 31, -a*y = 2*p - 46. What is the greatest common divisor of 16 and y?
16
Let b(v) = v**3 + 3*v**2 - 3*v + 4. Let r = 9 + -12. Let o be b(r). Calculate the highest common divisor of 39 and o.
13
Suppose 5*h + 0*f + 5*f = 3830, 2*h = 5*f + 1539. Suppose -3*c - 119 = -h. What is the highest common factor of c and 24?
24
Let n = 26 - 3. Calculate the highest common divisor of 184 and n.
23
Suppose -3*s = 4*c - 1023 + 373, -4*c = -2*s + 400. Calculate the greatest common divisor of s and 14.
14
Let j(a) = 3*a - 4. Let b be j(5). Suppose -b - 13 = -3*n. What is the greatest common factor of n and 1?
1
Let r(n) = -9*n + 5. Let p be r(-5). Suppose -19 - 21 = -2*z. What is the highest common divisor of z and p?
10
Suppose 5*t = 22 + 3. Let c = -15 + 10. Let d = 25 - c. What is the greatest common divisor of t and d?
5
Let v be -2*(-4)/(-16)*4. Let z = 11 + v. What is the greatest common divisor of z and 3?
3
Let f = 9 - -7. Suppose -3*k = -69 - 3. What is the greatest common factor of f and k?
8
Let a be ((-128)/5)/(176/(-40) + 4). What is the highest common factor of a and 4?
4
Suppose 5*v + 2*z = -60, z - 3*z = 0. Let k be (-110)/(-3)*v/(-10). What is the greatest common factor of 11 and k?
11
Suppose 0*h + 4 = h. Suppose 0 = -h*y - 8 + 32. Suppose 141 = q + y. What is the greatest common divisor of q and 15?
15
Suppose -m = -10 - 8. Suppose -45 = -3*k + r + m, -3*r - 101 = -5*k. What is the greatest common factor of k and 242?
22
Let g = 27 - 5. What is the highest common factor of 2 and g?
2
Let i be (-3)/((-3)/14) + (-2 - -4). Calculate the greatest common divisor of i and 128.
16
Let t(h) = 2*h - 2. Let o be t(3). Suppose -o*b + 74 + 14 = 0. Let s = 52 - b. Calculate the greatest common divisor of 12 and s.
6
Let w = 25 + -13. Suppose -6*a + 2*a = -w. What is the highest common factor of 6 and a?
3
Let f = -25 - -41. Suppose -2*s + 2*c = -224, 5*s + 3*c = 2*s + 336. Calculate the greatest common factor of s and f.
16
Let u(w) = 23*w**3 - 8*w**2 + 6*w - 3. Let t be u(7). Suppose -3*q + t = q. Let j be q/21 - (-2)/7. Calculate the highest common divisor of j and 36.
18
Let z(n) = 2*n**2 + 8*n - 7. Let f be z(-7). Calculate the greatest common factor of 140 and f.
35
Let z = 41 + -32. Calculate the greatest common factor of 27 and z.
9
Let q(t) = -t**3 - 18*t**2 - 45*t + 6. Let m be q(-15). What is the greatest common divisor of m and 174?
6
Let l(v) = -v**2 + 9*v - 5. Let x be l(8). Suppose -96 = -h + y, 0 = -5*h + x*y - 149 + 629. What is the greatest common factor of 12 and h?
12
Suppose 2*h + 16 = 4*h. Suppose 2*c - 240 = -c. What is the highest common divisor of c and h?
8
Let r(m) = m**3 - 11*m**2 + 10*m + 6. Let t be r(10). Let b be -147*t/(-9) - -1. What is the highest common divisor of b and 11?
11
Let g(y) = -y**3 + 7*y**2 - 7*y + 3. Let n be g(5). Let d(r) = -71*r**3 + r**2. Let p be d(-1). Calculate the highest common factor of p and n.
18
Suppose -45 = -2*o - 3*f, 8 = o - f - 2. What is the highest common factor of 5 and o?
5
Suppose -418 = -3*l + 14. What is the greatest common factor of 16 and l?
16
Suppose 2*c = -5*f + 106, -4*f - 1 + 78 = -c. Suppose 0 = -3*v, 5*v + f = -3*k + 68. Suppose 2*b + 4 = k. Calculate the highest common divisor of 66 and b.
6
Let w = -4 - -12. Calculate the highest common factor of w and 8.
8
Let o be 40 - (2 - 2)/(-1). Suppose 2*t - 46 = -j + 16, 5*j - 155 = -5*t. Let z = -23 + t. What is the highest common factor of o and z?
8
Suppose 0 = 161*w - 165*w + 1152. What is the highest common factor of w and 32?
32
Let i be (-1)/(1*(-3)/36). What is the greatest common factor of i and 48?
12
Let z = 34 - -22. What is the highest common factor of z and 8?
8
Let i be 27 + 2/4*0. Let j(w) = w**3 + 7*w**2 + 4*w + 6. Let l be j(-6). Calculate the greatest common divisor of l and i.
9
Let z be 137/3 - 20/30. What is the greatest common factor of 30 and z?
15
Suppose 3 = 4*q - 9. Suppose -21 = -q*a - 0*a. Suppose -3*i + 242 = i + 2*d, -5*i = 5*d - 290. Calculate the highest common divisor of a and i.
7
Let p(f) = -f - 3. Let o be p(-3). Suppose o = 2*s - s - 1. Calculate the highest common factor of s and 1.
1
Suppose -25 = -5*v, -2*r + 5*r - 20 = -v. Suppose r*d = 7*d - 84. Suppose 159 = 3*q - 3*i + d, -3*q + 142 = 2*i. What is the highest common divisor of 4 and q?
4
Let i be 3/(32/(-44) + 1). Let o = i + -5. What is the highest common factor of o and 3?
3
Let i = 3 - -4. Let c be 108/14*(i - 0). Let j be (-4)/(-10) - 28/(-5). Calculate the greatest common factor of j and c.
6
Let m(f) = -11*f + 1. Let k be m(-1). What is the greatest common divisor of 18 and k?
6
Let t = 11 + -10. Let b be (9/(-36))/(t/(-28)). Calculate the highest common divisor of b and 56.
7
Let o(t) = -t**2 + 10*t - 7. Let s be o(9). Let p(c) = c**2 - 1. Let d be p(s). Let b be 1/((-2)/(-54)*d). What is the highest common factor of 6 and b?
3
Suppose 0 = 4